ist the prime factors of 330917.
330917
List the prime factors of 1358661.
3, 457, 991
List the prime factors of 2289321.
3, 254369
What are the prime factors of 161863?
13, 12451
What are the prime factors of 2564147?
2564147
List the prime factors of 145794.
2, 3, 11, 47
What are the prime factors of 16411992?
2, 3, 683833
List the prime factors of 278808.
2, 3, 11617
List the prime factors of 37364965.
5, 11, 679363
List the prime factors of 10149770.
2, 5, 59, 17203
What are the prime factors of 4409567?
127, 34721
List the prime factors of 32221615.
5, 53, 121591
List the prime factors of 9977327.
9977327
List the prime factors of 1930502.
2, 7, 19699
What are the prime factors of 974234?
2, 23, 21179
What are the prime factors of 17255052?
2, 3, 159769
List the prime factors of 6077748.
2, 3, 506479
What are the prime factors of 104001?
3, 34667
What are the prime factors of 10385?
5, 31, 67
What are the prime factors of 3725263?
73, 51031
What are the prime factors of 6286527?
3, 13, 53731
What are the prime factors of 719802?
2, 3, 39989
List the prime factors of 26950164.
2, 3, 29, 43, 1801
List the prime factors of 236351.
17, 13903
List the prime factors of 2032053.
3, 97, 6983
What are the prime factors of 40954300?
2, 5, 409543
List the prime factors of 270861.
3, 17, 47, 113
What are the prime factors of 227644?
2, 56911
List the prime factors of 1531011.
3, 53, 9629
List the prime factors of 106449.
3, 7, 37, 137
List the prime factors of 511173.
3, 13, 17, 257
List the prime factors of 4206610.
2, 5, 53, 7937
List the prime factors of 3703922.
2, 37, 50053
What are the prime factors of 24450056?
2, 443, 6899
List the prime factors of 3338904.
2, 3, 139121
List the prime factors of 541210.
2, 5, 54121
List the prime factors of 288022.
2, 7, 2939
What are the prime factors of 9830935?
5, 83, 23689
What are the prime factors of 14799307?
31, 79, 6043
What are the prime factors of 1592714?
2, 73, 10909
List the prime factors of 1852319.
7, 71, 3727
List the prime factors of 25645530.
2, 3, 5, 59, 14489
List the prime factors of 8357706.
2, 3, 7, 113, 587
What are the prime factors of 683532?
2, 3, 6329
List the prime factors of 12952429.
7, 1850347
What are the prime factors of 201590?
2, 5, 19, 1061
What are the prime factors of 7552090?
2, 5, 7, 13, 43, 193
What are the prime factors of 313113?
3, 29, 59, 61
What are the prime factors of 69350?
2, 5, 19, 73
List the prime factors of 348432.
2, 3, 7, 17, 61
List the prime factors of 5354946.
2, 3, 61, 4877
What are the prime factors of 4857357?
3, 1619119
List the prime factors of 1472693.
17, 86629
List the prime factors of 138186.
2, 3, 853
What are the prime factors of 452116?
2, 7, 67, 241
List the prime factors of 233939.
233939
What are the prime factors of 504492?
2, 3, 17, 2473
List the prime factors of 13243518.
2, 3, 735751
List the prime factors of 5180137.
5180137
What are the prime factors of 10976982?
2, 3, 1829497
What are the prime factors of 277642?
2, 138821
What are the prime factors of 414919?
17, 24407
List the prime factors of 359989.
7, 51427
List the prime factors of 6385629.
3, 43, 59, 839
List the prime factors of 5239279.
31, 169009
What are the prime factors of 3828306?
2, 3, 638051
List the prime factors of 1717017.
3, 17, 131, 257
What are the prime factors of 5815474?
2, 7, 415391
List the prime factors of 69325.
5, 47, 59
What are the prime factors of 734876?
2, 17, 101, 107
What are the prime factors of 1295681?
1295681
What are the prime factors of 3216671?
3216671
What are the prime factors of 4942355?
5, 11, 23, 3907
List the prime factors of 1297810.
2, 5, 233, 557
What are the prime factors of 345050?
2, 5, 67, 103
List the prime factors of 100340.
2, 5, 29, 173
List the prime factors of 1326759.
3, 7, 63179
What are the prime factors of 24327598?
2, 487, 24977
List the prime factors of 93303.
3, 7, 1481
What are the prime factors of 7207335?
3, 5, 160163
List the prime factors of 646425.
3, 5, 13, 17
What are the prime factors of 181892?
2, 37, 1229
List the prime factors of 2825473.
7, 167, 2417
List the prime factors of 774954.
2, 3, 113, 127
List the prime factors of 198295.
5, 39659
What are the prime factors of 25899?
3, 89, 97
What are the prime factors of 4621936?
2, 11, 26261
What are the prime factors of 434644?
2, 7, 19, 43
What are the prime factors of 12025708?
2, 19, 158233
What are the prime factors of 36019147?
36019147
What are the prime factors of 4232838?
2, 3, 439, 1607
List the prime factors of 7167.
3, 2389
List the prime factors of 2273859.
3, 7, 53, 227
What are the prime factors of 223306?
2, 111653
What are the prime factors of 764753?
11, 37, 1879
List the prime factors of 4099.
4099
List the prime factors of 4416323.
29, 152287
What are the prime factors of 178143?
3, 7, 17, 499
What are the prime factors of 998652?
2, 3, 83221
List the prime factors of 216352.
2, 6761
What are the prime factors of 979755?
3, 5, 7, 31, 43
What are the prime factors of 1582022?
2, 13, 71, 857
What are the prime factors of 1579252?
2, 394813
What are the prime factors of 32410?
2, 5, 7, 463
What are the prime factors of 13255662?
2, 3, 7, 31, 10181
List the prime factors of 115711.
251, 461
What are the prime factors of 7802828?
2, 11, 177337
What are the prime factors of 3728422?
2, 197, 9463
What are the prime factors of 955103?
955103
What are the prime factors of 11332339?
11332339
What are the prime factors of 27939700?
2, 5, 279397
What are the prime factors of 6860169?
3, 762241
What are the prime factors of 1669572?
2, 3, 5153
What are the prime factors of 3098383?
3098383
List the prime factors of 1371547.
109, 12583
List the prime factors of 20382.
2, 3, 43, 79
List the prime factors of 254193.
3, 84731
List the prime factors of 91143.
3, 13, 19, 41
What are the prime factors of 308572?
2, 11, 7013
List the prime factors of 174485.
5, 34897
What are the prime factors of 390959?
390959
What are the prime factors of 1868225?
5, 74729
List the prime factors of 361610.
2, 5, 36161
List the prime factors of 1838197.
37, 49681
List the prime factors of 4137008.
2, 258563
List the prime factors of 1115410.
2, 5, 71, 1571
What are the prime factors of 913475?
5, 61, 599
What are the prime factors of 21168014?
2, 7, 19, 79579
List the prime factors of 3636623.
17, 213919
What are the prime factors of 17644953?
3, 59, 99689
List the prime factors of 409010.
2, 5, 7, 5843
List the prime factors of 3845441.
3845441
What are the prime factors of 88090?
2, 5, 23, 383
List the prime factors of 4007851.
4007851
List the prime factors of 994665.
3, 5, 7, 9473
List the prime factors of 189554.
2, 94777
List the prime factors of 212526.
2, 3, 11807
List the prime factors of 291780.
2, 3, 5, 1621
List the prime factors of 761732.
2, 31, 6143
List the prime factors of 270051.
3, 90017
List the prime factors of 738604.
2, 184651
What are the prime factors of 4659673?
4659673
What are the prime factors of 7498546?
2, 11, 53, 59, 109
What are the prime factors of 88657?
88657
List the prime factors of 1926602.
2, 963301
What are the prime factors of 841050?
2, 3, 5, 7, 89
List the prime factors of 37252384.
2, 13, 149, 601
List the prime factors of 197582.
2, 7, 11, 1283
What are the prime factors of 188830?
2, 5, 23, 821
List the prime factors of 223713.
3, 7, 53, 67
List the prime factors of 279456.
2, 3, 41, 71
What are the prime factors of 1291304?
2, 7, 23059
List the prime factors of 2632340.
2, 5, 131617
What are the prime factors of 563365?
5, 11, 10243
List the prime factors of 1578318.
2, 3, 7, 37579
List the prime factors of 2245899.
3, 748633
What are the prime factors of 448540?
2, 5, 41, 547
What are the prime factors of 12187452?
2, 3, 683, 1487
What are the prime factors of 1187515?
5, 7, 37, 131
What are the prime factors of 10211320?
2, 5, 7, 36469
List the prime factors of 242444.
2, 60611
What are the prime factors of 5231108?
2, 41, 167, 191
List the prime factors of 30014623.
19, 29, 47, 61
List the prime factors of 85686.
2, 3, 14281
List the prime factors of 14832652.
2, 41, 149, 607
What are the prime factors of 9315216?
2, 3, 21563
List the prime factors of 2369640.
2, 3, 5, 7, 13, 31
List the prime factors of 2737884